{"id":7503,"date":"2026-02-16T15:50:22","date_gmt":"2026-02-16T14:50:22","guid":{"rendered":"https:\/\/samovar.telecom-sudparis.eu\/index.php\/acmes-2\/humberto-valera\/"},"modified":"2026-02-16T15:50:22","modified_gmt":"2026-02-16T14:50:22","slug":"humberto-valera","status":"publish","type":"page","link":"https:\/\/samovar.telecom-sudparis.eu\/index.php\/acmes-2\/humberto-valera\/","title":{"rendered":"Humberto VALERA"},"content":{"rendered":"<div class=\"bandeau-personnel MonLaboUser\"><img decoding=\"async\" src=\"https:\/\/samovar.telecom-sudparis.eu\/wp-content\/uploads\/2026\/02\/Humberto-VALERA.jpg\" class=\"wp-image-6 alignleft img-arrondi wp-post-image\" height=\"150\" width=\"150\" alt=\" \" \/><div class=\"adresse\"><p>SAMOVAR - SAMOVAR<br \/>Telecom SudParis<br \/>\r\n9 rue Charles Fourier<br \/>\r\n91011 EVRY CEDEX<\/p><p>Fax : +33 (0) 1 60 76 20 80<\/p><\/div><div class=\"monlaboBlocTexte\"><h1>Humberto <span class=\"MonLabo-lastname\">VALERA<\/span><\/h1><div class=\"coordonnees\"><em>Ma\u00eetre de Conf\u00e9rences<\/em><br \/><span class=\"team-description\"><a href=\"https:\/\/samovar.telecom-sudparis.eu\/?page_id=2438\" class=\"MonLaboLink\"><span class=\"MonLabo_team_name\">ACMES<\/span><\/a><\/span><\/div><div class=\"coordonnees\"><span class=\"MonLabo-email\">humberto.valera[&#64;<span>-Code to remove to avoid SPAM-<\/span>]telecom-sudparis.eu<\/span><\/div><\/div><\/div>\n\n\n\n<p><\/p>\n\n\n\n<div id=\"res_script\">\n<p class='Rubrique'>Article dans une revue<\/p>\n<p class='SousRubrique'>2018<\/p>\n<dl class='NoticeRes'>\n<dt class=\"ChampRes\">ref_biblio<\/dt><dd class=\"ValeurRes ref_biblio\">Hern\u00e1n H \u00c1lvarez Valera, Philippe Roose, Marc Dalmau, Christina Herzog, Kyle Respicio. KaliGreen: A distributed Scheduler for Energy Saving. <i>Procedia Computer Science<\/i>, 2018, 141 (Special issue: The 9th International Conference on Emerging Ubiquitous Systems and Pervasive Networks (EUSPN 2018)), pp.223-230. <a target=\"_blank\" href=\"https:\/\/dx.doi.org\/10.1016\/j.procs.2018.10.172\">&#x27E8;10.1016\/j.procs.2018.10.172&#x27E9;<\/a>. <a target=\"_blank\" href=\"https:\/\/univ-pau.hal.science\/hal-02437041v1\">&#x27E8;hal-02437041&#x27E9;<\/a><\/dd>\n<dt class=\"ChampRes\">Acc\u00e8s au texte int\u00e9gral et bibtex<\/dt>\n<dd class=\"ValeurRes Fichier_joint\">\n<a href=\"https:\/\/univ-pau.hal.science\/hal-02437041\/file\/EUSPN_43_6098.pdf\"  target=\"_blank\">\n<img decoding=\"async\" alt=\"https:\/\/univ-pau.hal.science\/hal-02437041\/file\/EUSPN_43_6098.pdf\" src=\"https:\/\/haltools.archives-ouvertes.fr\/images\/Haltools_pdf.png\" border=\"0\" title=\"https:\/\/univ-pau.hal.science\/hal-02437041\/file\/EUSPN_43_6098.pdf\" \/><\/a>\n<span class=\"LienBibtexACoteFulltext\"><a href=\"https:\/\/univ-pau.hal.science\/hal-02437041v1\/bibtex\" target=\"_self\">\n<img decoding=\"async\" alt=\"BibTex\" src=\"https:\/\/haltools.archives-ouvertes.fr\/images\/Haltools_bibtex3.png\" border=\"0\"  title=\"BibTex\" \/><\/a>\n<\/span><\/dd>\n<\/dl>\n<p class='Rubrique'>Communication dans un congr\u00e8s<\/p>\n<p class='SousRubrique'>2024<\/p>\n<dl class='NoticeRes'>\n<dt class=\"ChampRes\">ref_biblio<\/dt><dd class=\"ValeurRes ref_biblio\">Hern\u00e1n H \u00c1lvarez Valera, Alexandre Maurice, Franck Ravat, Jiefu Song, Philippe Roose, et al.. Energy Measurement System for Data Lake. <i>ACIIDS 2024 - 16th Asian Conference on Intelligent Information and Database Systems<\/i>, Apr 2024, Ras Al Khaimah, United Arab Emirates. <a target=\"_blank\" href=\"https:\/\/univ-pau.hal.science\/hal-04549466v1\">&#x27E8;hal-04549466&#x27E9;<\/a><\/dd>\n<dt class=\"ChampRes\">Acc\u00e8s au texte int\u00e9gral et bibtex<\/dt>\n<dd class=\"ValeurRes Fichier_joint\">\n<a href=\"https:\/\/univ-pau.hal.science\/hal-04549466\/file\/ACIIDS_2024_paper_63-1.pdf\"  target=\"_blank\">\n<img decoding=\"async\" alt=\"https:\/\/univ-pau.hal.science\/hal-04549466\/file\/ACIIDS_2024_paper_63-1.pdf\" src=\"https:\/\/haltools.archives-ouvertes.fr\/images\/Haltools_pdf.png\" border=\"0\" title=\"https:\/\/univ-pau.hal.science\/hal-04549466\/file\/ACIIDS_2024_paper_63-1.pdf\" \/><\/a>\n<span class=\"LienBibtexACoteFulltext\"><a href=\"https:\/\/univ-pau.hal.science\/hal-04549466v1\/bibtex\" target=\"_self\">\n<img decoding=\"async\" alt=\"BibTex\" src=\"https:\/\/haltools.archives-ouvertes.fr\/images\/Haltools_bibtex3.png\" border=\"0\"  title=\"BibTex\" \/><\/a>\n<\/span><\/dd>\n<\/dl>\n<p class='SousRubrique'>2021<\/p>\n<dl class='NoticeRes'>\n<dt class=\"ChampRes\">ref_biblio<\/dt><dd class=\"ValeurRes ref_biblio\">Hern\u00e1n H \u00c1lvarez Valera, Marc Dalmau, Philippe Roose, Jorge Larracoechea, Christina Herzog. An energy saving approach. <i>The 36th ACM\/SIGAPP Symposium On Applied Computing<\/i>, ACM, Mar 2021, Virtual conference, South Korea. pp.69-78, <a target=\"_blank\" href=\"https:\/\/dx.doi.org\/10.1145\/3412841.3441888\">&#x27E8;10.1145\/3412841.3441888&#x27E9;<\/a>. <a target=\"_blank\" href=\"https:\/\/univ-pau.hal.science\/hal-04550764v1\">&#x27E8;hal-04550764&#x27E9;<\/a><\/dd>\n<dt class=\"ChampRes\">Acc\u00e8s au texte int\u00e9gral et bibtex<\/dt>\n<dd class=\"ValeurRes Fichier_joint\">\n<a href=\"https:\/\/univ-pau.hal.science\/hal-04550764\/file\/sample-sigconf-final.pdf\"  target=\"_blank\">\n<img decoding=\"async\" alt=\"https:\/\/univ-pau.hal.science\/hal-04550764\/file\/sample-sigconf-final.pdf\" src=\"https:\/\/haltools.archives-ouvertes.fr\/images\/Haltools_pdf.png\" border=\"0\" title=\"https:\/\/univ-pau.hal.science\/hal-04550764\/file\/sample-sigconf-final.pdf\" \/><\/a>\n<span class=\"LienBibtexACoteFulltext\"><a href=\"https:\/\/univ-pau.hal.science\/hal-04550764v1\/bibtex\" target=\"_self\">\n<img decoding=\"async\" alt=\"BibTex\" src=\"https:\/\/haltools.archives-ouvertes.fr\/images\/Haltools_bibtex3.png\" border=\"0\"  title=\"BibTex\" \/><\/a>\n<\/span><\/dd>\n<\/dl>\n<p class='SousRubrique'>2020<\/p>\n<dl class='NoticeRes'>\n<dt class=\"ChampRes\">ref_biblio<\/dt><dd class=\"ValeurRes ref_biblio\">Hern\u00e1n H \u00c1lvarez Valera, Marc Dalmau, Philippe Roose, Christina Herzog, Jorge Larracoechea. DRACeo: A smart simulator to deploy energy saving methods in a services\/microservices based network. <i>Next Generation Information Systems: Modeling, Monitoring, and Management in Cloud and Fog Computing<\/i>, Jun 2020, Grenoble, France. <a target=\"_blank\" href=\"https:\/\/univ-pau.hal.science\/hal-03111184v1\">&#x27E8;hal-03111184&#x27E9;<\/a><\/dd>\n<dt class=\"ChampRes\">Acc\u00e8s au texte int\u00e9gral et bibtex<\/dt>\n<dd class=\"ValeurRes Fichier_joint\">\n<a href=\"https:\/\/univ-pau.hal.science\/hal-03111184\/file\/DRACeo.pdf\"  target=\"_blank\">\n<img decoding=\"async\" alt=\"https:\/\/univ-pau.hal.science\/hal-03111184\/file\/DRACeo.pdf\" src=\"https:\/\/haltools.archives-ouvertes.fr\/images\/Haltools_pdf.png\" border=\"0\" title=\"https:\/\/univ-pau.hal.science\/hal-03111184\/file\/DRACeo.pdf\" \/><\/a>\n<span class=\"LienBibtexACoteFulltext\"><a href=\"https:\/\/univ-pau.hal.science\/hal-03111184v1\/bibtex\" target=\"_self\">\n<img decoding=\"async\" alt=\"BibTex\" src=\"https:\/\/haltools.archives-ouvertes.fr\/images\/Haltools_bibtex3.png\" border=\"0\"  title=\"BibTex\" \/><\/a>\n<\/span><\/dd>\n<\/dl>\n<dl class='NoticeRes'>\n<dt class=\"ChampRes\">ref_biblio<\/dt><dd class=\"ValeurRes ref_biblio\">Hern\u00e1n H \u00c1lvarez Valera, Marc Dalmau, Philippe Roose, Christina Herzog, Jorge Larracoechea. DRACeo: A smart simulator to deploy energy saving methods in microservices based networks. <i>WETICE<\/i>, Jun 2020, Bayonne, France. <a target=\"_blank\" href=\"https:\/\/univ-pau.hal.science\/hal-03111199v1\">&#x27E8;hal-03111199&#x27E9;<\/a><\/dd>\n<dt class=\"ChampRes\">Acc\u00e8s au texte int\u00e9gral et bibtex<\/dt>\n<dd class=\"ValeurRes Fichier_joint\">\n<a href=\"https:\/\/univ-pau.hal.science\/hal-03111199\/file\/WETICE_2020_paper_88.pdf\"  target=\"_blank\">\n<img decoding=\"async\" alt=\"https:\/\/univ-pau.hal.science\/hal-03111199\/file\/WETICE_2020_paper_88.pdf\" src=\"https:\/\/haltools.archives-ouvertes.fr\/images\/Haltools_pdf.png\" border=\"0\" title=\"https:\/\/univ-pau.hal.science\/hal-03111199\/file\/WETICE_2020_paper_88.pdf\" \/><\/a>\n<span class=\"LienBibtexACoteFulltext\"><a href=\"https:\/\/univ-pau.hal.science\/hal-03111199v1\/bibtex\" target=\"_self\">\n<img decoding=\"async\" alt=\"BibTex\" src=\"https:\/\/haltools.archives-ouvertes.fr\/images\/Haltools_bibtex3.png\" border=\"0\"  title=\"BibTex\" \/><\/a>\n<\/span><\/dd>\n<\/dl>\n<dl class='NoticeRes'>\n<dt class=\"ChampRes\">ref_biblio<\/dt><dd class=\"ValeurRes ref_biblio\">Hern\u00e1n H \u00c1lvarez Valera, Marc Dalmau, Philippe Roose, Jorge Larracoechea, Christina Herzog. DRACeo : A smart simulator to deploy energy saving methods in a services\/microservices based network. <i>Compas<\/i>, Jun 2020, Lyon, France. <a target=\"_blank\" href=\"https:\/\/univ-pau.hal.science\/hal-03111206v1\">&#x27E8;hal-03111206&#x27E9;<\/a><\/dd>\n<dt class=\"ChampRes\">Acc\u00e8s au texte int\u00e9gral et bibtex<\/dt>\n<dd class=\"ValeurRes Fichier_joint\">\n<a href=\"https:\/\/univ-pau.hal.science\/hal-03111206\/file\/COMPAS2020_paper_4.pdf\"  target=\"_blank\">\n<img decoding=\"async\" alt=\"https:\/\/univ-pau.hal.science\/hal-03111206\/file\/COMPAS2020_paper_4.pdf\" src=\"https:\/\/haltools.archives-ouvertes.fr\/images\/Haltools_pdf.png\" border=\"0\" title=\"https:\/\/univ-pau.hal.science\/hal-03111206\/file\/COMPAS2020_paper_4.pdf\" \/><\/a>\n<span class=\"LienBibtexACoteFulltext\"><a href=\"https:\/\/univ-pau.hal.science\/hal-03111206v1\/bibtex\" target=\"_self\">\n<img decoding=\"async\" alt=\"BibTex\" src=\"https:\/\/haltools.archives-ouvertes.fr\/images\/Haltools_bibtex3.png\" border=\"0\"  title=\"BibTex\" \/><\/a>\n<\/span><\/dd>\n<\/dl>\n<p class='SousRubrique'>2019<\/p>\n<dl class='NoticeRes'>\n<dt class=\"ChampRes\">ref_biblio<\/dt><dd class=\"ValeurRes ref_biblio\">Hern\u00e1n H \u00c1lvarez Valera, Marc Dalmau, Philippe Roose, Christina Herzog. The architecture of Kaligreen V2: A Middleware aware of hardware opportunities to save energy. <i>IEEE International Conference on Internet of Things<\/i>, 2019, Granada, Spain. <a target=\"_blank\" href=\"https:\/\/univ-pau.hal.science\/hal-02437037v1\">&#x27E8;hal-02437037&#x27E9;<\/a><\/dd>\n<dt class=\"ChampRes\">Acc\u00e8s au texte int\u00e9gral et bibtex<\/dt>\n<dd class=\"ValeurRes Fichier_joint\">\n<a href=\"https:\/\/univ-pau.hal.science\/hal-02437037\/file\/PID6103505.pdf\"  target=\"_blank\">\n<img decoding=\"async\" alt=\"https:\/\/univ-pau.hal.science\/hal-02437037\/file\/PID6103505.pdf\" src=\"https:\/\/haltools.archives-ouvertes.fr\/images\/Haltools_pdf.png\" border=\"0\" title=\"https:\/\/univ-pau.hal.science\/hal-02437037\/file\/PID6103505.pdf\" \/><\/a>\n<span class=\"LienBibtexACoteFulltext\"><a href=\"https:\/\/univ-pau.hal.science\/hal-02437037v1\/bibtex\" target=\"_self\">\n<img decoding=\"async\" alt=\"BibTex\" src=\"https:\/\/haltools.archives-ouvertes.fr\/images\/Haltools_bibtex3.png\" border=\"0\"  title=\"BibTex\" \/><\/a>\n<\/span><\/dd>\n<\/dl>\n<p class='Rubrique'>Brevet<\/p>\n<p class='SousRubrique'>2021<\/p>\n<dl class='NoticeRes'>\n<dt class=\"ChampRes\">ref_biblio<\/dt><dd class=\"ValeurRes ref_biblio\">Philippe Roose, Marc Dalmau, Hern\u00e1n H \u00c1lvarez Valera. Syst\u00e8me et proc\u00e9d\u00e9 de planification de traitement de programme. France, N\u00b0 de brevet: 2107199. 2021. <a target=\"_blank\" href=\"https:\/\/univ-pau.hal.science\/hal-03346678v1\">&#x27E8;hal-03346678&#x27E9;<\/a><\/dd>\n<dt class=\"ChampRes\">Acc\u00e8s au bibtex<\/dt>\n<dd class=\"ValeurRes LienBibtex\">\n<a href=\"https:\/\/univ-pau.hal.science\/hal-03346678v1\/bibtex\" target=\"_self\">\n<img decoding=\"async\" alt=\"BibTex\" src=\"https:\/\/haltools.archives-ouvertes.fr\/images\/Haltools_bibtex3.png\" border=\"0\"  title=\"BibTex\" \/><\/a>\n<\/dd>\n<\/dl>\n<p class='Rubrique'>Th\u00e8se<\/p>\n<p class='SousRubrique'>2022<\/p>\n<dl class='NoticeRes'>\n<dt class=\"ChampRes\">ref_biblio<\/dt><dd class=\"ValeurRes ref_biblio\">Hernan Humberto Alvarez Valera. An energy saving perspective for distributed environments : Deployment, scheduling and simulation with multidimensional entities for Software and Hardware. Computer Arithmetic. Universit\u00e9 de Pau et des Pays de l'Adour, 2022. English. <a target=\"_blank\" href=\"https:\/\/www.theses.fr\/2022PAUU3030\">&#x27E8;NNT : 2022PAUU3030&#x27E9;<\/a>. <a target=\"_blank\" href=\"https:\/\/theses.hal.science\/tel-04116013v1\">&#x27E8;tel-04116013&#x27E9;<\/a><\/dd>\n<dt class=\"ChampRes\">Acc\u00e8s au texte int\u00e9gral et bibtex<\/dt>\n<dd class=\"ValeurRes Fichier_joint\">\n<a href=\"https:\/\/theses.hal.science\/tel-04116013\/file\/thesisalvarezvalera.pdf\"  target=\"_blank\">\n<img decoding=\"async\" alt=\"https:\/\/theses.hal.science\/tel-04116013\/file\/thesisalvarezvalera.pdf\" src=\"https:\/\/haltools.archives-ouvertes.fr\/images\/Haltools_pdf.png\" border=\"0\" title=\"https:\/\/theses.hal.science\/tel-04116013\/file\/thesisalvarezvalera.pdf\" \/><\/a>\n<span class=\"LienBibtexACoteFulltext\"><a href=\"https:\/\/theses.hal.science\/tel-04116013v1\/bibtex\" target=\"_self\">\n<img decoding=\"async\" alt=\"BibTex\" src=\"https:\/\/haltools.archives-ouvertes.fr\/images\/Haltools_bibtex3.png\" border=\"0\"  title=\"BibTex\" \/><\/a>\n<\/span><\/dd>\n<\/dl>\n<\/div>\n\n","protected":false},"excerpt":{"rendered":"","protected":false},"author":4,"featured_media":7502,"parent":2438,"menu_order":0,"comment_status":"closed","ping_status":"closed","template":"","meta":{"ocean_post_layout":"","ocean_both_sidebars_style":"","ocean_both_sidebars_content_width":0,"ocean_both_sidebars_sidebars_width":0,"ocean_sidebar":"","ocean_second_sidebar":"","ocean_disable_margins":"enable","ocean_add_body_class":"","ocean_shortcode_before_top_bar":"","ocean_shortcode_after_top_bar":"","ocean_shortcode_before_header":"","ocean_shortcode_after_header":"","ocean_has_shortcode":"","ocean_shortcode_after_title":"","ocean_shortcode_before_footer_widgets":"","ocean_shortcode_after_footer_widgets":"","ocean_shortcode_before_footer_bottom":"","ocean_shortcode_after_footer_bottom":"","ocean_display_top_bar":"default","ocean_display_header":"default","ocean_header_style":"","ocean_center_header_left_menu":"","ocean_custom_header_template":"","ocean_custom_logo":0,"ocean_custom_retina_logo":0,"ocean_custom_logo_max_width":0,"ocean_custom_logo_tablet_max_width":0,"ocean_custom_logo_mobile_max_width":0,"ocean_custom_logo_max_height":0,"ocean_custom_logo_tablet_max_height":0,"ocean_custom_logo_mobile_max_height":0,"ocean_header_custom_menu":"","ocean_menu_typo_font_family":"","ocean_menu_typo_font_subset":"","ocean_menu_typo_font_size":0,"ocean_menu_typo_font_size_tablet":0,"ocean_menu_typo_font_size_mobile":0,"ocean_menu_typo_font_size_unit":"px","ocean_menu_typo_font_weight":"","ocean_menu_typo_font_weight_tablet":"","ocean_menu_typo_font_weight_mobile":"","ocean_menu_typo_transform":"","ocean_menu_typo_transform_tablet":"","ocean_menu_typo_transform_mobile":"","ocean_menu_typo_line_height":0,"ocean_menu_typo_line_height_tablet":0,"ocean_menu_typo_line_height_mobile":0,"ocean_menu_typo_line_height_unit":"","ocean_menu_typo_spacing":0,"ocean_menu_typo_spacing_tablet":0,"ocean_menu_typo_spacing_mobile":0,"ocean_menu_typo_spacing_unit":"","ocean_menu_link_color":"","ocean_menu_link_color_hover":"","ocean_menu_link_color_active":"","ocean_menu_link_background":"","ocean_menu_link_hover_background":"","ocean_menu_link_active_background":"","ocean_menu_social_links_bg":"","ocean_menu_social_hover_links_bg":"","ocean_menu_social_links_color":"","ocean_menu_social_hover_links_color":"","ocean_disable_title":"default","ocean_disable_heading":"default","ocean_post_title":"","ocean_post_subheading":"","ocean_post_title_style":"","ocean_post_title_background_color":"","ocean_post_title_background":0,"ocean_post_title_bg_image_position":"","ocean_post_title_bg_image_attachment":"","ocean_post_title_bg_image_repeat":"","ocean_post_title_bg_image_size":"","ocean_post_title_height":0,"ocean_post_title_bg_overlay":0.5,"ocean_post_title_bg_overlay_color":"","ocean_disable_breadcrumbs":"default","ocean_breadcrumbs_color":"","ocean_breadcrumbs_separator_color":"","ocean_breadcrumbs_links_color":"","ocean_breadcrumbs_links_hover_color":"","ocean_display_footer_widgets":"default","ocean_display_footer_bottom":"default","ocean_custom_footer_template":"","footnotes":""},"class_list":["post-7503","page","type-page","status-publish","has-post-thumbnail","hentry","entry","has-media"],"_links":{"self":[{"href":"https:\/\/samovar.telecom-sudparis.eu\/index.php\/wp-json\/wp\/v2\/pages\/7503","targetHints":{"allow":["GET"]}}],"collection":[{"href":"https:\/\/samovar.telecom-sudparis.eu\/index.php\/wp-json\/wp\/v2\/pages"}],"about":[{"href":"https:\/\/samovar.telecom-sudparis.eu\/index.php\/wp-json\/wp\/v2\/types\/page"}],"author":[{"embeddable":true,"href":"https:\/\/samovar.telecom-sudparis.eu\/index.php\/wp-json\/wp\/v2\/users\/4"}],"replies":[{"embeddable":true,"href":"https:\/\/samovar.telecom-sudparis.eu\/index.php\/wp-json\/wp\/v2\/comments?post=7503"}],"version-history":[{"count":0,"href":"https:\/\/samovar.telecom-sudparis.eu\/index.php\/wp-json\/wp\/v2\/pages\/7503\/revisions"}],"up":[{"embeddable":true,"href":"https:\/\/samovar.telecom-sudparis.eu\/index.php\/wp-json\/wp\/v2\/pages\/2438"}],"wp:featuredmedia":[{"embeddable":true,"href":"https:\/\/samovar.telecom-sudparis.eu\/index.php\/wp-json\/wp\/v2\/media\/7502"}],"wp:attachment":[{"href":"https:\/\/samovar.telecom-sudparis.eu\/index.php\/wp-json\/wp\/v2\/media?parent=7503"}],"curies":[{"name":"wp","href":"https:\/\/api.w.org\/{rel}","templated":true}]}}