{"id":3572,"date":"2022-04-14T15:14:04","date_gmt":"2022-04-14T13:14:04","guid":{"rendered":"https:\/\/samovar2022.int-evry.fr\/index.php\/acmes-2\/antoine-lavignotte\/"},"modified":"2022-04-14T15:14:04","modified_gmt":"2022-04-14T13:14:04","slug":"antoine-lavignotte","status":"publish","type":"page","link":"https:\/\/samovar.telecom-sudparis.eu\/index.php\/acmes-2\/antoine-lavignotte\/","title":{"rendered":"Antoine LAVIGNOTTE"},"content":{"rendered":"<p><div class=\"bandeau-personnel MonLaboUser\"><img decoding=\"async\" src=\"https:\/\/samovar.telecom-sudparis.eu\/wp-content\/uploads\/2022\/07\/Antoine-LAVIGNOTTE.jpg\" class=\"wp-image-6 alignleft img-arrondi wp-post-image\" height=\"150\" width=\"150\" alt=\" \" \/><div class=\"adresse\"><p>SAMOVAR - SAMOVAR<br \/>Telecom SudParis<br \/>\r\n9 rue Charles Fourier<br \/>\r\n91011 EVRY CEDEX<\/p><p>Fax : +33 (0) 1 60 76 20 80<\/p><\/div><div class=\"monlaboBlocTexte\"><h1>Antoine <span class=\"MonLabo-lastname\">LAVIGNOTTE<\/span><br \/><em>(ancien membre depuis 09\/2025)<\/em><\/h1><div class=\"coordonnees\"><em>Ma\u00eetre de Conf\u00e9rences<\/em><br \/><span class=\"team-description\"><a href=\"https:\/\/samovar.telecom-sudparis.eu\/?page_id=2450\" class=\"MonLaboLink\"><span class=\"MonLabo_team_name\">NeSS<\/span><\/a><\/span><\/div><div class=\"coordonnees\"><span class=\"MonLabo-email\">antoine.lavignotte[&#64;<span>-Code to remove to avoid SPAM-<\/span>]telecom-sudparis.eu<\/span><\/div><\/div><\/div>\n<div id=\"res_script\">\n<p class='Rubrique'>Article dans une revue<\/p>\n<p class='SousRubrique'>2025<\/p>\n<dl class='NoticeRes'>\n<dt class=\"ChampRes\">ref_biblio<\/dt><dd class=\"ValeurRes ref_biblio\">Gustavo Sousa Pavani, Maria Freire-Hermelo, Antoine Lavignotte, Christine Tremblay, Catherine Lepers. Reinforcement learning-based wavelength-dependent power control for WDM systems. <i>Optical Fiber Technology<\/i>, 2025, 95, pp.104470. <a target=\"_blank\" href=\"https:\/\/dx.doi.org\/10.1016\/j.yofte.2025.104470\">&#x27E8;10.1016\/j.yofte.2025.104470&#x27E9;<\/a>. <a target=\"_blank\" href=\"https:\/\/hal.science\/hal-05477290v1\">&#x27E8;hal-05477290&#x27E9;<\/a><\/dd>\n<dt class=\"ChampRes\">Acc\u00e8s au bibtex<\/dt>\n<dd class=\"ValeurRes LienBibtex\">\n<a href=\"https:\/\/hal.science\/hal-05477290v1\/bibtex\" target=\"_self\">\n<img decoding=\"async\" alt=\"BibTex\" src=\"https:\/\/haltools.archives-ouvertes.fr\/images\/Haltools_bibtex3.png\" border=\"0\"  title=\"BibTex\" \/><\/a>\n<\/dd>\n<\/dl>\n<p class='SousRubrique'>2023<\/p>\n<dl class='NoticeRes'>\n<dt class=\"ChampRes\">ref_biblio<\/dt><dd class=\"ValeurRes ref_biblio\">Killian Murphy, Antoine Lavignotte, Catherine Lepers. Fault prediction for heterogeneous telecommunication networks using machine learning : a survey. <i>IEEE Transactions on Network and Service Management<\/i>, 2023, pp.1-1. <a target=\"_blank\" href=\"https:\/\/dx.doi.org\/10.1109\/TNSM.2023.3340351\">&#x27E8;10.1109\/TNSM.2023.3340351&#x27E9;<\/a>. <a target=\"_blank\" href=\"https:\/\/hal.science\/hal-04331342v1\">&#x27E8;hal-04331342&#x27E9;<\/a><\/dd>\n<dt class=\"ChampRes\">Acc\u00e8s au bibtex<\/dt>\n<dd class=\"ValeurRes LienBibtex\">\n<a href=\"https:\/\/hal.science\/hal-04331342v1\/bibtex\" target=\"_self\">\n<img decoding=\"async\" alt=\"BibTex\" src=\"https:\/\/haltools.archives-ouvertes.fr\/images\/Haltools_bibtex3.png\" border=\"0\"  title=\"BibTex\" \/><\/a>\n<\/dd>\n<\/dl>\n<p class='SousRubrique'>2021<\/p>\n<dl class='NoticeRes'>\n<dt class=\"ChampRes\">ref_biblio<\/dt><dd class=\"ValeurRes ref_biblio\">Maria Jos\u00e9 Freire Hermelo, Dipankar Sengupta, Antoine Lavignotte, Christine Tremblay, Catherine Lepers. Reinforcement learning for compensating power excursions in amplified WDM systems. <i>Journal of Lightwave Technology<\/i>, 2021, 39 (21), pp.6805 - 6813. <a target=\"_blank\" href=\"https:\/\/dx.doi.org\/10.1109\/jlt.2021.3107774\">&#x27E8;10.1109\/jlt.2021.3107774&#x27E9;<\/a>. <a target=\"_blank\" href=\"https:\/\/hal.science\/hal-04304793v1\">&#x27E8;hal-04304793&#x27E9;<\/a><\/dd>\n<dt class=\"ChampRes\">Acc\u00e8s au bibtex<\/dt>\n<dd class=\"ValeurRes LienBibtex\">\n<a href=\"https:\/\/hal.science\/hal-04304793v1\/bibtex\" target=\"_self\">\n<img decoding=\"async\" alt=\"BibTex\" src=\"https:\/\/haltools.archives-ouvertes.fr\/images\/Haltools_bibtex3.png\" border=\"0\"  title=\"BibTex\" \/><\/a>\n<\/dd>\n<\/dl>\n<p class='SousRubrique'>2020<\/p>\n<dl class='NoticeRes'>\n<dt class=\"ChampRes\">ref_biblio<\/dt><dd class=\"ValeurRes ref_biblio\">Fran\u00e7ois Boutigny, St\u00e9phane Betg\u00e9-Brezetz, Gregory Blanc, Antoine Lavignotte, Herv\u00e9 Debar, et al.. Solving security constraints for 5G slice embedding: a proof-of-concept. <i>Computers & Security<\/i>, 2020, 89, pp.101662-1 - 101662-18. <a target=\"_blank\" href=\"https:\/\/dx.doi.org\/10.1016\/j.cose.2019.101662\">&#x27E8;10.1016\/j.cose.2019.101662&#x27E9;<\/a>. <a target=\"_blank\" href=\"https:\/\/hal.science\/hal-02387073v1\">&#x27E8;hal-02387073&#x27E9;<\/a><\/dd>\n<dt class=\"ChampRes\">Acc\u00e8s au texte int\u00e9gral et bibtex<\/dt>\n<dd class=\"ValeurRes Fichier_joint\">\n<a href=\"https:\/\/hal.science\/hal-02387073\/file\/COSE-D-19-00632R1-preprint.pdf\"  target=\"_blank\">\n<img decoding=\"async\" alt=\"https:\/\/hal.science\/hal-02387073\/file\/COSE-D-19-00632R1-preprint.pdf\" src=\"https:\/\/haltools.archives-ouvertes.fr\/images\/Haltools_pdf.png\" border=\"0\" title=\"https:\/\/hal.science\/hal-02387073\/file\/COSE-D-19-00632R1-preprint.pdf\" \/><\/a>\n<span class=\"LienBibtexACoteFulltext\"><a href=\"https:\/\/hal.science\/hal-02387073v1\/bibtex\" target=\"_self\">\n<img decoding=\"async\" alt=\"BibTex\" src=\"https:\/\/haltools.archives-ouvertes.fr\/images\/Haltools_bibtex3.png\" border=\"0\"  title=\"BibTex\" \/><\/a>\n<\/span><\/dd>\n<\/dl>\n<p class='Rubrique'>Communication dans un congr\u00e8s<\/p>\n<p class='SousRubrique'>2023<\/p>\n<dl class='NoticeRes'>\n<dt class=\"ChampRes\">ref_biblio<\/dt><dd class=\"ValeurRes ref_biblio\">Killian Murphy, Antoine Lavignotte, Catherine Lepers. Fault prediction for optical access network equipment using decision tree methods. <i>2023 Asia Communications and Photonics Conference\/2023 International Photonics and Optoelectronics Meetings (ACP\/POEM)<\/i>, Nov 2023, Wuhan, China. pp.1-5, <a target=\"_blank\" href=\"https:\/\/dx.doi.org\/10.1109\/ACP\/POEM59049.2023.10369987\">&#x27E8;10.1109\/ACP\/POEM59049.2023.10369987&#x27E9;<\/a>. <a target=\"_blank\" href=\"https:\/\/hal.science\/hal-04391064v1\">&#x27E8;hal-04391064&#x27E9;<\/a><\/dd>\n<dt class=\"ChampRes\">Acc\u00e8s au bibtex<\/dt>\n<dd class=\"ValeurRes LienBibtex\">\n<a href=\"https:\/\/hal.science\/hal-04391064v1\/bibtex\" target=\"_self\">\n<img decoding=\"async\" alt=\"BibTex\" src=\"https:\/\/haltools.archives-ouvertes.fr\/images\/Haltools_bibtex3.png\" border=\"0\"  title=\"BibTex\" \/><\/a>\n<\/dd>\n<\/dl>\n<p class='SousRubrique'>2021<\/p>\n<dl class='NoticeRes'>\n<dt class=\"ChampRes\">ref_biblio<\/dt><dd class=\"ValeurRes ref_biblio\">Maria Jos\u00e9 Freire Hermelo, Antoine Lavignotte, Catherine Lepers. Dynamic modulation format and wavelength assignment in optical networks using reinforcement learning. <i>Photonic Networks and Devices (Networks)<\/i>, Jul 2021, Washington, United States. pp.NeF2B.4, <a target=\"_blank\" href=\"https:\/\/dx.doi.org\/10.1364\/NETWORKS.2021.NeF2B.4\">&#x27E8;10.1364\/NETWORKS.2021.NeF2B.4&#x27E9;<\/a>. <a target=\"_blank\" href=\"https:\/\/hal.science\/hal-04312830v1\">&#x27E8;hal-04312830&#x27E9;<\/a><\/dd>\n<dt class=\"ChampRes\">Acc\u00e8s au bibtex<\/dt>\n<dd class=\"ValeurRes LienBibtex\">\n<a href=\"https:\/\/hal.science\/hal-04312830v1\/bibtex\" target=\"_self\">\n<img decoding=\"async\" alt=\"BibTex\" src=\"https:\/\/haltools.archives-ouvertes.fr\/images\/Haltools_bibtex3.png\" border=\"0\"  title=\"BibTex\" \/><\/a>\n<\/dd>\n<\/dl>\n<p class='SousRubrique'>2020<\/p>\n<dl class='NoticeRes'>\n<dt class=\"ChampRes\">ref_biblio<\/dt><dd class=\"ValeurRes ref_biblio\">Theo Bouganim, Andrea Araldo, Antoine Lavignotte, Nessim Oussedik, Gabriel Guez. The cost of learning fast with reinforcement learning for edge cache allocation. <i>ITC 2020: 32nd International Teletraffic Congress, PhD Workshop<\/i>, Sep 2020, Osaka, Japan. <a target=\"_blank\" href=\"https:\/\/hal.science\/hal-02542133v2\">&#x27E8;hal-02542133v2&#x27E9;<\/a><\/dd>\n<dt class=\"ChampRes\">Acc\u00e8s au texte int\u00e9gral et bibtex<\/dt>\n<dd class=\"ValeurRes Fichier_joint\">\n<a href=\"https:\/\/hal.science\/hal-02542133\/file\/1570654680-1.pdf\"  target=\"_blank\">\n<img decoding=\"async\" alt=\"https:\/\/hal.science\/hal-02542133\/file\/1570654680-1.pdf\" src=\"https:\/\/haltools.archives-ouvertes.fr\/images\/Haltools_pdf.png\" border=\"0\" title=\"https:\/\/hal.science\/hal-02542133\/file\/1570654680-1.pdf\" \/><\/a>\n<span class=\"LienBibtexACoteFulltext\"><a href=\"https:\/\/hal.science\/hal-02542133v2\/bibtex\" target=\"_self\">\n<img decoding=\"async\" alt=\"BibTex\" src=\"https:\/\/haltools.archives-ouvertes.fr\/images\/Haltools_bibtex3.png\" border=\"0\"  title=\"BibTex\" \/><\/a>\n<\/span><\/dd>\n<\/dl>\n<dl class='NoticeRes'>\n<dt class=\"ChampRes\">ref_biblio<\/dt><dd class=\"ValeurRes ref_biblio\">Maria Jos\u00e9 Freire Hermelo, Dipankar Sengupta, Antoine Lavignotte, Christine Tremblay, Catherine Lepers. Dynamic power implementation with reinforcement learning for excursion-free amplified optical systems. <i>24th International Conference on Optical Network Design and Modelling<\/i>, May 2020, Barcelona (Spain), Spain. <a target=\"_blank\" href=\"https:\/\/hal.science\/hal-04312757v1\">&#x27E8;hal-04312757&#x27E9;<\/a><\/dd>\n<dt class=\"ChampRes\">Acc\u00e8s au texte int\u00e9gral et bibtex<\/dt>\n<dd class=\"ValeurRes Fichier_joint\">\n<a href=\"https:\/\/hal.science\/hal-04312757\/file\/2020ONDM_AbstractPaper_Final.pdf\"  target=\"_blank\">\n<img decoding=\"async\" alt=\"https:\/\/hal.science\/hal-04312757\/file\/2020ONDM_AbstractPaper_Final.pdf\" src=\"https:\/\/haltools.archives-ouvertes.fr\/images\/Haltools_pdf.png\" border=\"0\" title=\"https:\/\/hal.science\/hal-04312757\/file\/2020ONDM_AbstractPaper_Final.pdf\" \/><\/a>\n<span class=\"LienBibtexACoteFulltext\"><a href=\"https:\/\/hal.science\/hal-04312757v1\/bibtex\" target=\"_self\">\n<img decoding=\"async\" alt=\"BibTex\" src=\"https:\/\/haltools.archives-ouvertes.fr\/images\/Haltools_bibtex3.png\" border=\"0\"  title=\"BibTex\" \/><\/a>\n<\/span><\/dd>\n<\/dl>\n<dl class='NoticeRes'>\n<dt class=\"ChampRes\">ref_biblio<\/dt><dd class=\"ValeurRes ref_biblio\">Catherine Lepers, Maria Jos\u00e9 Freire Hermelo, Antoine Lavignotte, Dipankar Sengupta, Christine Tremblay. Optical amplifier control in optical networks using machine learning. <i>Photonic Networks and Devices (Networks)<\/i>, Jul 2020, Washington, United States. pp.NeM3B.5, <a target=\"_blank\" href=\"https:\/\/dx.doi.org\/10.1364\/NETWORKS.2020.NeM3B.5\">&#x27E8;10.1364\/NETWORKS.2020.NeM3B.5&#x27E9;<\/a>. <a target=\"_blank\" href=\"https:\/\/hal.science\/hal-04304822v1\">&#x27E8;hal-04304822&#x27E9;<\/a><\/dd>\n<dt class=\"ChampRes\">Acc\u00e8s au bibtex<\/dt>\n<dd class=\"ValeurRes LienBibtex\">\n<a href=\"https:\/\/hal.science\/hal-04304822v1\/bibtex\" target=\"_self\">\n<img decoding=\"async\" alt=\"BibTex\" src=\"https:\/\/haltools.archives-ouvertes.fr\/images\/Haltools_bibtex3.png\" border=\"0\"  title=\"BibTex\" \/><\/a>\n<\/dd>\n<\/dl>\n<p class='SousRubrique'>2018<\/p>\n<dl class='NoticeRes'>\n<dt class=\"ChampRes\">ref_biblio<\/dt><dd class=\"ValeurRes ref_biblio\">Fran\u00e7ois Boutigny, Stephane Betge-Brezetz, Herv\u00e9 Debar, Gregory Blanc, Antoine Lavignotte, et al.. Multi-provider secure virtual network embedding. <i>NTMS 2018 : 9th IFIP International Conference on New Technologies, Mobility and Security<\/i>, Feb 2018, Paris, France. pp.1 - 5, <a target=\"_blank\" href=\"https:\/\/dx.doi.org\/10.1109\/NTMS.2018.8328706\">&#x27E8;10.1109\/NTMS.2018.8328706&#x27E9;<\/a>. <a target=\"_blank\" href=\"https:\/\/hal.science\/hal-01868949v1\">&#x27E8;hal-01868949&#x27E9;<\/a><\/dd>\n<dt class=\"ChampRes\">Acc\u00e8s au bibtex<\/dt>\n<dd class=\"ValeurRes LienBibtex\">\n<a href=\"https:\/\/hal.science\/hal-01868949v1\/bibtex\" target=\"_self\">\n<img decoding=\"async\" alt=\"BibTex\" src=\"https:\/\/haltools.archives-ouvertes.fr\/images\/Haltools_bibtex3.png\" border=\"0\"  title=\"BibTex\" \/><\/a>\n<\/dd>\n<\/dl>\n<dl class='NoticeRes'>\n<dt class=\"ChampRes\">ref_biblio<\/dt><dd class=\"ValeurRes ref_biblio\">Maria Jos\u00e9 Freire Hermelo, S\u00e9bastien Mansfeld, Djamel Amar, Franck Gillet, Antoine Lavignotte, et al.. Predicting optical power excursions in erbium doped fiber amplifiers using neural networks. <i>ACP 2018 : Asia Communication and Photonics Conference<\/i>, Oct 2018, Hangzhou, China. pp.1 - 3, <a target=\"_blank\" href=\"https:\/\/dx.doi.org\/10.1109\/ACP.2018.8596233\">&#x27E8;10.1109\/ACP.2018.8596233&#x27E9;<\/a>. <a target=\"_blank\" href=\"https:\/\/hal.science\/hal-01980287v1\">&#x27E8;hal-01980287&#x27E9;<\/a><\/dd>\n<dt class=\"ChampRes\">Acc\u00e8s au bibtex<\/dt>\n<dd class=\"ValeurRes LienBibtex\">\n<a href=\"https:\/\/hal.science\/hal-01980287v1\/bibtex\" target=\"_self\">\n<img decoding=\"async\" alt=\"BibTex\" src=\"https:\/\/haltools.archives-ouvertes.fr\/images\/Haltools_bibtex3.png\" border=\"0\"  title=\"BibTex\" \/><\/a>\n<\/dd>\n<\/dl>\n<dl class='NoticeRes'>\n<dt class=\"ChampRes\">ref_biblio<\/dt><dd class=\"ValeurRes ref_biblio\">Maria Jos\u00e9 Freire Hermelo, Eloise de Carvalho Rodrigues, Surampudi Atchutananda, Franck Gillet, C\u00e9dric Ware, et al.. Experimental characterization of an SOA-based photonic integrated switch. <i>ACP 2018 : Asia Communication and Photonics Conference<\/i>, Oct 2018, Hangzhou, China. pp.1 - 3, <a target=\"_blank\" href=\"https:\/\/dx.doi.org\/10.1109\/ACP.2018.8595878\">&#x27E8;10.1109\/ACP.2018.8595878&#x27E9;<\/a>. <a target=\"_blank\" href=\"https:\/\/hal.science\/hal-01980405v1\">&#x27E8;hal-01980405&#x27E9;<\/a><\/dd>\n<dt class=\"ChampRes\">Acc\u00e8s au bibtex<\/dt>\n<dd class=\"ValeurRes LienBibtex\">\n<a href=\"https:\/\/hal.science\/hal-01980405v1\/bibtex\" target=\"_self\">\n<img decoding=\"async\" alt=\"BibTex\" src=\"https:\/\/haltools.archives-ouvertes.fr\/images\/Haltools_bibtex3.png\" border=\"0\"  title=\"BibTex\" \/><\/a>\n<\/dd>\n<\/dl>\n<p class='SousRubrique'>2013<\/p>\n<dl class='NoticeRes'>\n<dt class=\"ChampRes\">ref_biblio<\/dt><dd class=\"ValeurRes ref_biblio\">Antoine Lavignotte, Christophe Gravier, Julien Subercaze, Jacques Fayolle. Quality of Experience, a very personal experience !. <i>DEXA Workshops<\/i>, Aug 2013, Prague, European Union. pp.231-235, <a target=\"_blank\" href=\"https:\/\/dx.doi.org\/10.1109\/DEXA.2013.30\">&#x27E8;10.1109\/DEXA.2013.30&#x27E9;<\/a>. <a target=\"_blank\" href=\"https:\/\/ujm.hal.science\/ujm-00990156v1\">&#x27E8;ujm-00990156&#x27E9;<\/a><\/dd>\n<dt class=\"ChampRes\">Acc\u00e8s au texte int\u00e9gral et bibtex<\/dt>\n<dd class=\"ValeurRes Fichier_joint\">\n<a href=\"https:\/\/ujm.hal.science\/ujm-00990156\/file\/DEXA-CMS.pdf\"  target=\"_blank\">\n<img decoding=\"async\" alt=\"https:\/\/ujm.hal.science\/ujm-00990156\/file\/DEXA-CMS.pdf\" src=\"https:\/\/haltools.archives-ouvertes.fr\/images\/Haltools_pdf.png\" border=\"0\" title=\"https:\/\/ujm.hal.science\/ujm-00990156\/file\/DEXA-CMS.pdf\" \/><\/a>\n<span class=\"LienBibtexACoteFulltext\"><a href=\"https:\/\/ujm.hal.science\/ujm-00990156v1\/bibtex\" target=\"_self\">\n<img decoding=\"async\" alt=\"BibTex\" src=\"https:\/\/haltools.archives-ouvertes.fr\/images\/Haltools_bibtex3.png\" border=\"0\"  title=\"BibTex\" \/><\/a>\n<\/span><\/dd>\n<\/dl>\n<dl class='NoticeRes'>\n<dt class=\"ChampRes\">ref_biblio<\/dt><dd class=\"ValeurRes ref_biblio\">Antoine Lavignotte, Christophe Gravier, Julien Subercaze, Jacques Fayolle. Quality of Experience in 3D Multimedia. <i>International Conference on Enterprise Information Systems<\/i>, Jul 2013, Lisbonne, France. pp.119-125, <a target=\"_blank\" href=\"https:\/\/dx.doi.org\/10.1109\/DEXA.2013.30\">&#x27E8;10.1109\/DEXA.2013.30&#x27E9;<\/a>. <a target=\"_blank\" href=\"https:\/\/ujm.hal.science\/ujm-00990146v1\">&#x27E8;ujm-00990146&#x27E9;<\/a><\/dd>\n<dt class=\"ChampRes\">Acc\u00e8s au texte int\u00e9gral et bibtex<\/dt>\n<dd class=\"ValeurRes Fichier_joint\">\n<a href=\"https:\/\/ujm.hal.science\/ujm-00990146\/file\/Example.pdf\"  target=\"_blank\">\n<img decoding=\"async\" alt=\"https:\/\/ujm.hal.science\/ujm-00990146\/file\/Example.pdf\" src=\"https:\/\/haltools.archives-ouvertes.fr\/images\/Haltools_pdf.png\" border=\"0\" title=\"https:\/\/ujm.hal.science\/ujm-00990146\/file\/Example.pdf\" \/><\/a>\n<span class=\"LienBibtexACoteFulltext\"><a href=\"https:\/\/ujm.hal.science\/ujm-00990146v1\/bibtex\" target=\"_self\">\n<img decoding=\"async\" alt=\"BibTex\" src=\"https:\/\/haltools.archives-ouvertes.fr\/images\/Haltools_bibtex3.png\" border=\"0\"  title=\"BibTex\" \/><\/a>\n<\/span><\/dd>\n<\/dl>\n<p class='Rubrique'>Poster de conf\u00e9rence<\/p>\n<p class='SousRubrique'>2019<\/p>\n<dl class='NoticeRes'>\n<dt class=\"ChampRes\">ref_biblio<\/dt><dd class=\"ValeurRes ref_biblio\">Maria Jos\u00e9 Freire Hermelo, Franck Gillet, Antoine Lavignotte, Catherine Lepers. Machine learning for optical amplifier control in optical networks. <i>JNOG 2019 : 39\u00e8me Journ\u00e9es Nationales d'Optique Guid\u00e9e<\/i>, Jul 2019, Saclay, France. 2019. <a target=\"_blank\" href=\"https:\/\/hal.science\/hal-02466472v1\">&#x27E8;hal-02466472&#x27E9;<\/a><\/dd>\n<dt class=\"ChampRes\">Acc\u00e8s au bibtex<\/dt>\n<dd class=\"ValeurRes LienBibtex\">\n<a href=\"https:\/\/hal.science\/hal-02466472v1\/bibtex\" target=\"_self\">\n<img decoding=\"async\" alt=\"BibTex\" src=\"https:\/\/haltools.archives-ouvertes.fr\/images\/Haltools_bibtex3.png\" border=\"0\"  title=\"BibTex\" \/><\/a>\n<\/dd>\n<\/dl>\n<p class='Rubrique'>Th\u00e8se<\/p>\n<p class='SousRubrique'>2024<\/p>\n<dl class='NoticeRes'>\n<dt class=\"ChampRes\">ref_biblio<\/dt><dd class=\"ValeurRes ref_biblio\">Catherine Lepers, Killian Murphy, Antoine Lavignotte. Predictive maintenance of network equipment using machin learning methods. Engineering Sciences [physics]. T\u00e9l\u00e9com SudParis, 2024. English. <a target=\"_blank\" href=\"https:\/\/www.theses.fr\/\">&#x27E8;NNT : &#x27E9;<\/a>. <a target=\"_blank\" href=\"https:\/\/hal.science\/tel-04886572v1\">&#x27E8;tel-04886572&#x27E9;<\/a><\/dd>\n<dt class=\"ChampRes\">Acc\u00e8s au bibtex<\/dt>\n<dd class=\"ValeurRes LienBibtex\">\n<a href=\"https:\/\/hal.science\/tel-04886572v1\/bibtex\" target=\"_self\">\n<img decoding=\"async\" alt=\"BibTex\" src=\"https:\/\/haltools.archives-ouvertes.fr\/images\/Haltools_bibtex3.png\" border=\"0\"  title=\"BibTex\" \/><\/a>\n<\/dd>\n<\/dl>\n<p class='SousRubrique'>2014<\/p>\n<dl class='NoticeRes'>\n<dt class=\"ChampRes\">ref_biblio<\/dt><dd class=\"ValeurRes ref_biblio\">Antoine Lavignotte. Prise en compte de la qualit\u00e9 de l\u2019exp\u00e9rience utilisateur au sein des protocoles de streaming HTTP adaptatifs. Multim\u00e9dia [cs.MM]. Universit\u00e9 Jean Monnet - Saint-Etienne, 2014. Fran\u00e7ais. <a target=\"_blank\" href=\"https:\/\/www.theses.fr\/2014STET4008\">&#x27E8;NNT : 2014STET4008&#x27E9;<\/a>. <a target=\"_blank\" href=\"https:\/\/theses.hal.science\/tel-01165118v1\">&#x27E8;tel-01165118&#x27E9;<\/a><\/dd>\n<dt class=\"ChampRes\">Acc\u00e8s au texte int\u00e9gral et bibtex<\/dt>\n<dd class=\"ValeurRes Fichier_joint\">\n<a href=\"https:\/\/theses.hal.science\/tel-01165118\/file\/These-LAVIGNOTTE-Antoine-2014.pdf\"  target=\"_blank\">\n<img decoding=\"async\" alt=\"https:\/\/theses.hal.science\/tel-01165118\/file\/These-LAVIGNOTTE-Antoine-2014.pdf\" src=\"https:\/\/haltools.archives-ouvertes.fr\/images\/Haltools_pdf.png\" border=\"0\" title=\"https:\/\/theses.hal.science\/tel-01165118\/file\/These-LAVIGNOTTE-Antoine-2014.pdf\" \/><\/a>\n<span class=\"LienBibtexACoteFulltext\"><a href=\"https:\/\/theses.hal.science\/tel-01165118v1\/bibtex\" target=\"_self\">\n<img decoding=\"async\" alt=\"BibTex\" src=\"https:\/\/haltools.archives-ouvertes.fr\/images\/Haltools_bibtex3.png\" border=\"0\"  title=\"BibTex\" \/><\/a>\n<\/span><\/dd>\n<\/dl>\n<\/div>\n<\/p>\n","protected":false},"excerpt":{"rendered":"","protected":false},"author":4,"featured_media":4246,"parent":2438,"menu_order":0,"comment_status":"closed","ping_status":"closed","template":"","meta":{"ocean_post_layout":"","ocean_both_sidebars_style":"","ocean_both_sidebars_content_width":0,"ocean_both_sidebars_sidebars_width":0,"ocean_sidebar":"","ocean_second_sidebar":"","ocean_disable_margins":"enable","ocean_add_body_class":"","ocean_shortcode_before_top_bar":"","ocean_shortcode_after_top_bar":"","ocean_shortcode_before_header":"","ocean_shortcode_after_header":"","ocean_has_shortcode":"","ocean_shortcode_after_title":"","ocean_shortcode_before_footer_widgets":"","ocean_shortcode_after_footer_widgets":"","ocean_shortcode_before_footer_bottom":"","ocean_shortcode_after_footer_bottom":"","ocean_display_top_bar":"default","ocean_display_header":"default","ocean_header_style":"","ocean_center_header_left_menu":"","ocean_custom_header_template":"","ocean_custom_logo":0,"ocean_custom_retina_logo":0,"ocean_custom_logo_max_width":0,"ocean_custom_logo_tablet_max_width":0,"ocean_custom_logo_mobile_max_width":0,"ocean_custom_logo_max_height":0,"ocean_custom_logo_tablet_max_height":0,"ocean_custom_logo_mobile_max_height":0,"ocean_header_custom_menu":"","ocean_menu_typo_font_family":"","ocean_menu_typo_font_subset":"","ocean_menu_typo_font_size":0,"ocean_menu_typo_font_size_tablet":0,"ocean_menu_typo_font_size_mobile":0,"ocean_menu_typo_font_size_unit":"px","ocean_menu_typo_font_weight":"","ocean_menu_typo_font_weight_tablet":"","ocean_menu_typo_font_weight_mobile":"","ocean_menu_typo_transform":"","ocean_menu_typo_transform_tablet":"","ocean_menu_typo_transform_mobile":"","ocean_menu_typo_line_height":0,"ocean_menu_typo_line_height_tablet":0,"ocean_menu_typo_line_height_mobile":0,"ocean_menu_typo_line_height_unit":"","ocean_menu_typo_spacing":0,"ocean_menu_typo_spacing_tablet":0,"ocean_menu_typo_spacing_mobile":0,"ocean_menu_typo_spacing_unit":"","ocean_menu_link_color":"","ocean_menu_link_color_hover":"","ocean_menu_link_color_active":"","ocean_menu_link_background":"","ocean_menu_link_hover_background":"","ocean_menu_link_active_background":"","ocean_menu_social_links_bg":"","ocean_menu_social_hover_links_bg":"","ocean_menu_social_links_color":"","ocean_menu_social_hover_links_color":"","ocean_disable_title":"default","ocean_disable_heading":"default","ocean_post_title":"","ocean_post_subheading":"","ocean_post_title_style":"","ocean_post_title_background_color":"","ocean_post_title_background":0,"ocean_post_title_bg_image_position":"","ocean_post_title_bg_image_attachment":"","ocean_post_title_bg_image_repeat":"","ocean_post_title_bg_image_size":"","ocean_post_title_height":0,"ocean_post_title_bg_overlay":0.5,"ocean_post_title_bg_overlay_color":"","ocean_disable_breadcrumbs":"default","ocean_breadcrumbs_color":"","ocean_breadcrumbs_separator_color":"","ocean_breadcrumbs_links_color":"","ocean_breadcrumbs_links_hover_color":"","ocean_display_footer_widgets":"default","ocean_display_footer_bottom":"default","ocean_custom_footer_template":"","footnotes":""},"class_list":["post-3572","page","type-page","status-publish","has-post-thumbnail","hentry","entry","has-media"],"_links":{"self":[{"href":"https:\/\/samovar.telecom-sudparis.eu\/index.php\/wp-json\/wp\/v2\/pages\/3572","targetHints":{"allow":["GET"]}}],"collection":[{"href":"https:\/\/samovar.telecom-sudparis.eu\/index.php\/wp-json\/wp\/v2\/pages"}],"about":[{"href":"https:\/\/samovar.telecom-sudparis.eu\/index.php\/wp-json\/wp\/v2\/types\/page"}],"author":[{"embeddable":true,"href":"https:\/\/samovar.telecom-sudparis.eu\/index.php\/wp-json\/wp\/v2\/users\/4"}],"replies":[{"embeddable":true,"href":"https:\/\/samovar.telecom-sudparis.eu\/index.php\/wp-json\/wp\/v2\/comments?post=3572"}],"version-history":[{"count":0,"href":"https:\/\/samovar.telecom-sudparis.eu\/index.php\/wp-json\/wp\/v2\/pages\/3572\/revisions"}],"up":[{"embeddable":true,"href":"https:\/\/samovar.telecom-sudparis.eu\/index.php\/wp-json\/wp\/v2\/pages\/2438"}],"wp:featuredmedia":[{"embeddable":true,"href":"https:\/\/samovar.telecom-sudparis.eu\/index.php\/wp-json\/wp\/v2\/media\/4246"}],"wp:attachment":[{"href":"https:\/\/samovar.telecom-sudparis.eu\/index.php\/wp-json\/wp\/v2\/media?parent=3572"}],"curies":[{"name":"wp","href":"https:\/\/api.w.org\/{rel}","templated":true}]}}